 is the greatest common factor of 260730 and 4350?
30
What is the greatest common factor of 136384 and 15872?
64
What is the highest common divisor of 328 and 2703753364?
164
Calculate the greatest common divisor of 3776 and 54339.
59
Calculate the greatest common factor of 1638 and 8121906.
234
Calculate the highest common divisor of 1344 and 45897216.
192
What is the highest common divisor of 683 and 1561?
1
Calculate the highest common divisor of 18135 and 3590327.
403
Calculate the greatest common factor of 230 and 2661652.
46
What is the greatest common divisor of 11715 and 1043295?
165
Calculate the greatest common factor of 129332704 and 659.
659
Calculate the highest common divisor of 78 and 14220570.
78
What is the highest common factor of 699 and 255960519?
699
What is the highest common divisor of 772 and 72795547?
193
Calculate the highest common factor of 20 and 1093147740.
20
Calculate the highest common divisor of 88 and 219393592.
88
What is the highest common factor of 25 and 2023991200?
25
Calculate the greatest common factor of 55660822 and 28.
14
What is the greatest common factor of 5778 and 123814194?
642
Calculate the highest common factor of 43778 and 752388.
742
Calculate the greatest common divisor of 3318697 and 1582.
113
What is the highest common factor of 22230 and 386460?
1710
Calculate the highest common factor of 4 and 49306.
2
What is the greatest common divisor of 931918 and 29419?
949
What is the greatest common factor of 5536 and 643616?
32
Calculate the highest common divisor of 15367 and 42799.
127
What is the highest common divisor of 1027 and 20094503?
13
What is the highest common divisor of 28386 and 2886993?
171
What is the highest common divisor of 22807148 and 91?
91
What is the highest common factor of 727738 and 203566?
418
Calculate the greatest common factor of 72 and 4574214.
18
Calculate the highest common factor of 22659538 and 9503.
731
What is the highest common factor of 17277 and 1002509?
443
Calculate the greatest common factor of 72 and 29515302.
18
Calculate the greatest common divisor of 3134 and 92988914.
3134
Calculate the highest common factor of 5260 and 9470630.
2630
What is the highest common divisor of 372 and 902255?
31
What is the greatest common factor of 5293979 and 11339?
667
Calculate the highest common factor of 251514 and 41118.
534
What is the highest common factor of 1865 and 53592640?
1865
Calculate the greatest common factor of 36836950 and 5.
5
Calculate the greatest common divisor of 74 and 19542142.
74
What is the greatest common factor of 2 and 26799446?
2
Calculate the highest common factor of 680 and 1764260.
340
Calculate the greatest common divisor of 62247337 and 2885.
577
What is the highest common factor of 1411 and 84273718?
83
What is the greatest common factor of 124042294 and 90198?
10022
Calculate the highest common divisor of 203148 and 2485428.
2508
What is the greatest common factor of 1659 and 18835733?
553
What is the highest common divisor of 511232 and 664?
8
Calculate the highest common factor of 20 and 31318372.
4
Calculate the greatest common factor of 38751641 and 517.
47
What is the greatest common divisor of 8617 and 2379523?
1231
Calculate the greatest common divisor of 15823356 and 156.
12
What is the greatest common divisor of 280449771 and 4206?
2103
Calculate the greatest common factor of 1125331 and 38440.
961
Calculate the greatest common factor of 272055708 and 24.
12
What is the greatest common divisor of 1892 and 6879312?
1892
Calculate the greatest common factor of 153 and 2746350.
153
Calculate the highest common factor of 74457776 and 416.
16
What is the greatest common factor of 31860 and 2637005?
295
What is the greatest common factor of 66273389 and 39?
13
What is the highest common factor of 8623807 and 2?
1
Calculate the highest common factor of 21 and 4100585937.
21
Calculate the greatest common divisor of 588 and 1793688.
12
Calculate the greatest common factor of 256255296 and 704.
704
What is the greatest common factor of 750 and 6794950?
50
What is the highest common divisor of 24604992 and 1964?
1964
Calculate the highest common divisor of 332733 and 92895.
1689
What is the highest common factor of 327344 and 60878?
998
What is the highest common factor of 133534 and 465131?
373
Calculate the highest common factor of 140764260 and 17836.
2548
What is the highest common divisor of 3896976 and 7144?
152
What is the highest common factor of 517973 and 221?
17
What is the greatest common divisor of 36 and 8407251?
9
What is the greatest common divisor of 68184 and 51984?
72
Calculate the highest common divisor of 42957 and 11261727.
999
Calculate the greatest common factor of 1240 and 6999740.
20
Calculate the greatest common factor of 809259 and 586941.
537
What is the greatest common factor of 145 and 739135?
5
Calculate the highest common factor of 67277806 and 782.
782
What is the greatest common divisor of 3431 and 444351?
73
Calculate the highest common divisor of 77 and 4637696.
7
Calculate the highest common factor of 529805 and 125.
5
What is the highest common factor of 28863 and 693781?
1069
Calculate the greatest common factor of 2295 and 2261085.
255
Calculate the greatest common divisor of 830544 and 914914.
286
What is the greatest common factor of 78 and 227344494?
78
What is the greatest common divisor of 8816 and 108431?
29
Calculate the greatest common factor of 4308145 and 26685.
2965
What is the greatest common divisor of 7550 and 10257430?
1510
Calculate the highest common factor of 9278 and 1466.
2
Calculate the highest common divisor of 79964470 and 30.
10
Calculate the greatest common divisor of 1128799 and 33726.
511
Calculate the greatest common factor of 61875119 and 151.
151
Calculate the greatest common factor of 1233 and 64171485.
1233
Calculate the highest common divisor of 210 and 26323314.
6
Calculate the highest common factor of 1339674 and 6513.
501
What is the greatest common divisor of 39025089 and 828?
207
Calculate the greatest common divisor of 22272 and 13844832.
2784
What is the highest common divisor of 203 and 30916613?
7
Calculate the greatest common factor of 8 and 603920248.
8
What is the greatest common divisor of 255550 and 12850?
50
What is the highest common factor of 2872 and 259352?
8
Calculate the greatest common divisor of 159 and 51641133.
159
Calculate the greatest common divisor of 2530 and 545087488.
506
What is the greatest common divisor of 13513850 and 20?
10
Calculate the highest common factor of 1729489 and 4970.
71
Calculate the greatest common divisor of 181374 and 1577902.
74
What is the highest common factor of 5336 and 103031490?
1334
What is the highest common divisor of 18950 and 566050?
50
Calculate the highest common factor of 4605060 and 9940.
1420
Calculate the greatest common divisor of 884550 and 71850.
150
Calculate the greatest common divisor of 5668529 and 376.
47
Calculate the highest common divisor of 5100384 and 3216.
48
What is the highest common divisor of 18842688 and 216?
72
Calculate the greatest common factor of 531 and 37369243.
59
Calculate the greatest common factor of 3200 and 38304896.
128
What is the greatest common divisor of 30 and 32696830?
10
Calculate the highest common divisor of 1 and 199224.
1
What is the highest common divisor of 110 and 682726?
22
Calculate the greatest common divisor of 2550 and 130083375.
75
Calculate the highest common divisor of 170114388 and 1854.
618
What is the greatest common factor of 60 and 11426514?
6
Calculate the greatest common factor of 3933 and 1956679.
23
What is the greatest common divisor of 1491 and 67934007?
213
What is the greatest common divisor of 3053 and 477601?
43
Calculate the highest common divisor of 335 and 62080.
5
Calculate the greatest common divisor of 19771 and 1559.
1
Calculate the greatest common factor of 1109538 and 14.
2
What is the greatest common divisor of 15190 and 668850?
490
Calculate the greatest common divisor of 29 and 130436693.
29
Calculate the highest common divisor of 231 and 13725474.
21
What is the highest common factor of 538757601 and 358?
179
What is the highest common divisor of 6804 and 190452?
12
Calculate the greatest common fact